he remainder when 2542433 is divided by 1045?
993
What is the remainder when 1049485 is divided by 4447?
4440
What is the remainder when 35315 is divided by 3332?
1995
What is the remainder when 32852 is divided by 16342?
168
Calculate the remainder when 17264 is divided by 5493.
785
Calculate the remainder when 282985 is divided by 2361.
2026
Calculate the remainder when 1169746 is divided by 9138.
82
What is the remainder when 2759193492 is divided by 45?
42
What is the remainder when 76545 is divided by 37716?
1113
Calculate the remainder when 1770103 is divided by 15259.
59
Calculate the remainder when 1076297 is divided by 99.
68
Calculate the remainder when 14150007 is divided by 188.
187
What is the remainder when 259499144 is divided by 121?
3
What is the remainder when 537859 is divided by 51?
13
What is the remainder when 154966 is divided by 51653?
7
What is the remainder when 1277406 is divided by 38672?
1230
What is the remainder when 607719 is divided by 862?
9
What is the remainder when 664435 is divided by 22?
13
Calculate the remainder when 1312120 is divided by 13527.
1
Calculate the remainder when 3167091 is divided by 1055431.
798
Calculate the remainder when 273175 is divided by 273152.
23
Calculate the remainder when 414757 is divided by 12825.
4357
Calculate the remainder when 11823362 is divided by 96.
2
What is the remainder when 56568 is divided by 383?
267
What is the remainder when 404530769 is divided by 343?
342
What is the remainder when 2927407 is divided by 106?
5
What is the remainder when 388725 is divided by 4328?
3533
Calculate the remainder when 3128811 is divided by 48135.
36
Calculate the remainder when 1960549 is divided by 607.
546
What is the remainder when 17442 is divided by 12430?
5012
What is the remainder when 17105879 is divided by 5701954?
17
Calculate the remainder when 1152436 is divided by 1152138.
298
What is the remainder when 350624 is divided by 3389?
1557
Calculate the remainder when 280628 is divided by 8763.
212
What is the remainder when 378506 is divided by 54071?
9
What is the remainder when 6254342 is divided by 1028?
1018
What is the remainder when 38074950 is divided by 280?
270
Calculate the remainder when 4915992 is divided by 45.
12
What is the remainder when 1746272 is divided by 2280?
2072
Calculate the remainder when 10400 is divided by 1318.
1174
What is the remainder when 2312095 is divided by 908?
327
What is the remainder when 456091 is divided by 5562?
7
What is the remainder when 8082325 is divided by 237713?
83
What is the remainder when 55944173 is divided by 361?
3
What is the remainder when 5671373 is divided by 2835620?
133
What is the remainder when 150657 is divided by 56?
17
Calculate the remainder when 15533858 is divided by 283.
271
What is the remainder when 9503 is divided by 3066?
305
Calculate the remainder when 141694308 is divided by 4786.
4778
What is the remainder when 47933 is divided by 2850?
2333
What is the remainder when 1923339 is divided by 1170?
1029
Calculate the remainder when 1186514 is divided by 236917.
1929
What is the remainder when 945455 is divided by 990?
5
What is the remainder when 4608227416 is divided by 37?
34
What is the remainder when 721476 is divided by 721459?
17
What is the remainder when 330315 is divided by 493?
5
Calculate the remainder when 202630 is divided by 83.
27
What is the remainder when 3543629 is divided by 474?
5
What is the remainder when 47852 is divided by 3433?
3223
Calculate the remainder when 1908 is divided by 477.
0
What is the remainder when 1983517 is divided by 9771?
4
Calculate the remainder when 72355 is divided by 242.
239
What is the remainder when 235868 is divided by 42?
38
Calculate the remainder when 131725 is divided by 32701.
921
What is the remainder when 8371531 is divided by 52?
51
What is the remainder when 250160 is divided by 124525?
1110
What is the remainder when 134854 is divided by 46?
28
What is the remainder when 18140044 is divided by 40?
4
What is the remainder when 6521185 is divided by 2009?
1980
What is the remainder when 612790 is divided by 6076?
5190
What is the remainder when 51650 is divided by 8258?
2102
Calculate the remainder when 8507266 is divided by 4092.
4090
Calculate the remainder when 90390 is divided by 30063.
201
Calculate the remainder when 44252 is divided by 20696.
2860
Calculate the remainder when 295121 is divided by 11348.
73
What is the remainder when 508201 is divided by 1160?
121
What is the remainder when 4449296 is divided by 120251?
9
What is the remainder when 35019 is divided by 1773?
1332
What is the remainder when 1195104679 is divided by 610?
609
Calculate the remainder when 16156608 is divided by 38.
34
What is the remainder when 49403 is divided by 9362?
2593
What is the remainder when 7199 is divided by 5386?
1813
What is the remainder when 2160534 is divided by 935?
684
Calculate the remainder when 53151838 is divided by 112.
110
What is the remainder when 310793 is divided by 1494?
41
Calculate the remainder when 27211918 is divided by 41.
13
What is the remainder when 5043960 is divided by 891?
9
What is the remainder when 27596678 is divided by 112?
102
What is the remainder when 249002109 is divided by 3073?
3065
What is the remainder when 14709 is divided by 385?
79
Calculate the remainder when 354673 is divided by 239.
236
Calculate the remainder when 3910915 is divided by 7034.
11
What is the remainder when 670183 is divided by 777?
409
Calculate the remainder when 476070862 is divided by 121.
113
What is the remainder when 88861 is divided by 28706?
2743
What is the remainder when 408031 is divided by 6520?
3791
Calculate the remainder when 29275 is divided by 29027.
248
What is the remainder when 1189615 is divided by 2463?
2449
Calculate the remainder when 2048370 is divided by 54.
42
Calculate the remainder when 96775 is divided by 1934.
75
What is the remainder when 128284990 is divided by 3054404?
22
Calculate the remainder when 27649640 is divided by 17.
7
Calculate the remainder when 8296151 is divided by 127.
3
Calculate the remainder when 218247 is divided by 3163.
0
Calculate the remainder when 566881 is divided by 15321.
4
What is the remainder when 55600892 is divided by 956?
888
What is the remainder when 982350 is divided by 370?
0
What is the remainder when 1528885 is divided by 235?
210
What is the remainder when 230681 is divided by 1479?
1436
What is the remainder when 6016382 is divided by 1203275?
7
What is the remainder when 25573 is divided by 2476?
813
Calculate the remainder when 28983157 is divided by 165618.
7
Calculate the remainder when 67290 is divided by 67284.
6
What is the remainder when 140514 is divided by 11604?
1266
What is the remainder when 9738384 is divided by 7262?
42
What is the remainder when 139650597 is divided by 91?
86
What is the remainder when 104203703 is divided by 1581?
1574
What is the remainder when 594569 is divided by 198177?
38
What is the remainder when 27361993 is divided by 1531?
1492
Calculate the remainder when 1979729 is divided by 7.
3
Calculate the remainder when 7258 is divided by 1136.
442
What is the remainder when 80218563 is divided by 40109258?
47
What is the remainder when 325733 is divided by 2291?
411
Calculate the remainder when 3703206 is divided by 14.
10
Calculate the remainder when 333096 is divided by 1971.
1968
What is the remainder when 454241 is divided by 19749?
14
Calculate the remainder when 70079 is divided by 44.
31
Calculate the remainder when 41531 is divided by 49.
28
Calculate the remainder when 6606874 is divided by 25.
24
Calculate the remainder when 1938077 is divided by 75.
2
Calculate the remainder when 310597 is divided by 154827.
943
Calculate the remainder when 183903 is divided by 716.
607
What is the remainder when 72592 is divided by 4920?
3712
Calculate the remainder when 214894 is divided by 104.
30
What is the remainder when 938768 is divided by 938764?
4
What is the remainder when 9230064 is divided by 7916?
8
What is the remainder when 362757 is divided by 72542?
47
What is the remainder when 451740 is divided by 495?
300
What is the remainder when 58524 is divided by 1064?
4
What is the remainder when 3908380 is 